{"id":1148,"date":"2024-01-11T13:24:23","date_gmt":"2024-01-11T13:24:23","guid":{"rendered":"https:\/\/shop.packfix.de\/?page_id=1148"},"modified":"2024-06-04T12:50:11","modified_gmt":"2024-06-04T12:50:11","slug":"1148-2","status":"publish","type":"page","link":"https:\/\/shop.packfix.de\/?page_id=1148","title":{"rendered":"Kontakt"},"content":{"rendered":"<p>[et_pb_section fb_built=&#8221;1&#8243; _builder_version=&#8221;4.21.0&#8243; _module_preset=&#8221;default&#8221; global_colors_info=&#8221;{}&#8221;][et_pb_row _builder_version=&#8221;4.21.0&#8243; _module_preset=&#8221;default&#8221; global_colors_info=&#8221;{}&#8221;][et_pb_column type=&#8221;4_4&#8243; _builder_version=&#8221;4.21.0&#8243; _module_preset=&#8221;default&#8221; global_colors_info=&#8221;{}&#8221;][et_pb_text _builder_version=&#8221;4.21.0&#8243; _module_preset=&#8221;default&#8221; global_colors_info=&#8221;{}&#8221;]<\/p>\n<h1><span style=\"color: #000080;\"><strong>Kontaktieren Sie uns<\/strong><\/span><\/h1>\n<p>&nbsp;<\/p>\n<p>Wenn Sie Fragen, Anregungen oder Kritik haben, z\u00f6gern Sie nicht, uns zu kontaktieren. Wir sind hier, um Ihnen zu helfen und Ihre Anliegen zu kl\u00e4ren.<\/p>\n<p><strong>Schr\u00f6der Packfix GmbH &#8211; Verpackungsmittel<\/strong> <strong>Adresse:<\/strong> Deutscher Ring 85, 42327 Wuppertal<\/p>\n<p><strong>Kontaktinformationen:<\/strong><\/p>\n<ul>\n<li><strong>Telefon:<\/strong> (02 02) 60 30 21<\/li>\n<li><strong>Fax:<\/strong> (02 02) 60 28 87<\/li>\n<li><strong>E-Mail:<\/strong> <a target=\"_new\" rel=\"noopener\">info@packfix.eu<\/a><\/li>\n<\/ul>\n<p>Wir sind stets bestrebt, Ihre Anfragen so schnell wie m\u00f6glich zu beantworten und Ihnen den besten Service zu bieten. Ihr Feedback ist uns wichtig, um unsere Dienstleistungen kontinuierlich zu verbessern. Wir freuen uns auf Ihre Nachricht und stehen Ihnen gerne zur Verf\u00fcgung.<\/p>\n<p>[\/et_pb_text][\/et_pb_column][\/et_pb_row][\/et_pb_section]<\/p>\n","protected":false},"excerpt":{"rendered":"<p>Kontaktieren Sie uns &nbsp; Wenn Sie Fragen, Anregungen oder Kritik haben, z\u00f6gern Sie nicht, uns zu kontaktieren. Wir sind hier, um Ihnen zu helfen und Ihre Anliegen zu kl\u00e4ren. Schr\u00f6der Packfix GmbH &#8211; Verpackungsmittel Adresse: Deutscher Ring 85, 42327 Wuppertal Kontaktinformationen: Telefon: (02 02) 60 30 21 Fax: (02 02) 60 28 87 E-Mail: info@packfix.eu [&hellip;]<\/p>\n","protected":false},"author":1,"featured_media":0,"parent":0,"menu_order":0,"comment_status":"closed","ping_status":"closed","template":"","meta":{"_et_pb_use_builder":"on","_et_pb_old_content":"","_et_gb_content_width":"","footnotes":""},"class_list":["post-1148","page","type-page","status-publish","hentry"],"jetpack_sharing_enabled":true,"_links":{"self":[{"href":"https:\/\/shop.packfix.de\/index.php?rest_route=\/wp\/v2\/pages\/1148","targetHints":{"allow":["GET"]}}],"collection":[{"href":"https:\/\/shop.packfix.de\/index.php?rest_route=\/wp\/v2\/pages"}],"about":[{"href":"https:\/\/shop.packfix.de\/index.php?rest_route=\/wp\/v2\/types\/page"}],"author":[{"embeddable":true,"href":"https:\/\/shop.packfix.de\/index.php?rest_route=\/wp\/v2\/users\/1"}],"replies":[{"embeddable":true,"href":"https:\/\/shop.packfix.de\/index.php?rest_route=%2Fwp%2Fv2%2Fcomments&post=1148"}],"version-history":[{"count":4,"href":"https:\/\/shop.packfix.de\/index.php?rest_route=\/wp\/v2\/pages\/1148\/revisions"}],"predecessor-version":[{"id":1559,"href":"https:\/\/shop.packfix.de\/index.php?rest_route=\/wp\/v2\/pages\/1148\/revisions\/1559"}],"wp:attachment":[{"href":"https:\/\/shop.packfix.de\/index.php?rest_route=%2Fwp%2Fv2%2Fmedia&parent=1148"}],"curies":[{"name":"wp","href":"https:\/\/api.w.org\/{rel}","templated":true}]}}