{"id":1231,"date":"2024-03-25T13:27:31","date_gmt":"2024-03-25T13:27:31","guid":{"rendered":"https:\/\/shop.packfix.de\/?post_type=product&#038;p=1231"},"modified":"2024-03-25T13:30:48","modified_gmt":"2024-03-25T13:30:48","slug":"papiertragetasche-toptwist-hellgrau-mit-gedrehten-papierkordel-griffen-kopie","status":"publish","type":"product","link":"https:\/\/shop.packfix.de\/?product=papiertragetasche-toptwist-hellgrau-mit-gedrehten-papierkordel-griffen-kopie","title":{"rendered":"Papiertragetasche toptwist &#8211; hellgrau &#8211; mit gedrehten Papierkordel-Griffen (Kopie)"},"content":{"rendered":"<p>[et_pb_section fb_built=&#8221;1&#8243; _builder_version=&#8221;4.16&#8243; custom_padding=&#8221;0px||||false|false&#8221; global_colors_info=&#8221;{}&#8221;][et_pb_row _builder_version=&#8221;4.16&#8243; background_size=&#8221;initial&#8221; background_position=&#8221;top_left&#8221; background_repeat=&#8221;repeat&#8221; width=&#8221;100%&#8221; custom_margin=&#8221;|auto|33px|auto||&#8221; custom_padding=&#8221;0px||0px||false|false&#8221; global_colors_info=&#8221;{}&#8221;][et_pb_column type=&#8221;4_4&#8243; _builder_version=&#8221;4.16&#8243; custom_padding=&#8221;|||&#8221; global_colors_info=&#8221;{}&#8221; custom_padding__hover=&#8221;|||&#8221;][et_pb_wc_breadcrumb _builder_version=&#8221;4.16&#8243; custom_margin=&#8221;||64px|||&#8221; global_colors_info=&#8221;{}&#8221;][\/et_pb_wc_breadcrumb][et_pb_wc_cart_notice _builder_version=&#8221;4.21.0&#8243; custom_button=&#8221;on&#8221; button_text_size=&#8221;17px&#8221; global_colors_info=&#8221;{}&#8221;][\/et_pb_wc_cart_notice][\/et_pb_column][\/et_pb_row][et_pb_row column_structure=&#8221;1_2,1_2&#8243; _builder_version=&#8221;4.16&#8243; background_size=&#8221;initial&#8221; background_position=&#8221;top_left&#8221; background_repeat=&#8221;repeat&#8221; width=&#8221;100%&#8221; custom_padding=&#8221;0px||||false|false&#8221; global_colors_info=&#8221;{}&#8221;][et_pb_column type=&#8221;1_2&#8243; _builder_version=&#8221;4.16&#8243; custom_padding=&#8221;|||&#8221; global_colors_info=&#8221;{}&#8221; custom_padding__hover=&#8221;|||&#8221;][et_pb_wc_images _builder_version=&#8221;4.16&#8243; global_colors_info=&#8221;{}&#8221;][\/et_pb_wc_images][\/et_pb_column][et_pb_column type=&#8221;1_2&#8243; _builder_version=&#8221;4.16&#8243; custom_padding=&#8221;|||&#8221; global_colors_info=&#8221;{}&#8221; custom_padding__hover=&#8221;|||&#8221;][et_pb_wc_title _builder_version=&#8221;4.21.0&#8243; header_font_size=&#8221;24px&#8221; header_line_height=&#8221;1.4em&#8221; custom_margin=&#8221;||36px|||&#8221; global_colors_info=&#8221;{}&#8221;][\/et_pb_wc_title][et_pb_wc_rating _builder_version=&#8221;4.16&#8243; global_colors_info=&#8221;{}&#8221;][\/et_pb_wc_rating][et_pb_divider _builder_version=&#8221;4.21.0&#8243; _module_preset=&#8221;default&#8221; custom_margin=&#8221;29px||12px|||&#8221; global_colors_info=&#8221;{}&#8221;][\/et_pb_divider][et_pb_wc_description _builder_version=&#8221;4.21.0&#8243; custom_padding=&#8221;|||1%|false|false&#8221; global_colors_info=&#8221;{}&#8221;][\/et_pb_wc_description][et_pb_divider _builder_version=&#8221;4.21.0&#8243; _module_preset=&#8221;default&#8221; custom_margin=&#8221;||4px|||&#8221; global_colors_info=&#8221;{}&#8221;][\/et_pb_divider][et_pb_wc_price _builder_version=&#8221;4.16&#8243; global_colors_info=&#8221;{}&#8221;][\/et_pb_wc_price][et_pb_wc_add_to_cart _builder_version=&#8221;4.16&#8243; global_colors_info=&#8221;{}&#8221;][\/et_pb_wc_add_to_cart][et_pb_wc_meta _builder_version=&#8221;4.16&#8243; global_colors_info=&#8221;{}&#8221;][\/et_pb_wc_meta][\/et_pb_column][\/et_pb_row][et_pb_row _builder_version=&#8221;4.16&#8243; background_size=&#8221;initial&#8221; background_position=&#8221;top_left&#8221; background_repeat=&#8221;repeat&#8221; width=&#8221;100%&#8221; global_colors_info=&#8221;{}&#8221;][et_pb_column type=&#8221;4_4&#8243; _builder_version=&#8221;4.16&#8243; custom_padding=&#8221;|||&#8221; global_colors_info=&#8221;{}&#8221; custom_padding__hover=&#8221;|||&#8221;][et_pb_wc_tabs _builder_version=&#8221;4.16&#8243; global_colors_info=&#8221;{}&#8221;] [\/et_pb_wc_tabs][et_pb_wc_upsells _builder_version=&#8221;4.16&#8243; global_colors_info=&#8221;{}&#8221;][\/et_pb_wc_upsells][et_pb_wc_related_products _builder_version=&#8221;4.16&#8243; global_colors_info=&#8221;{}&#8221;][\/et_pb_wc_related_products][\/et_pb_column][\/et_pb_row][\/et_pb_section]<\/p>\n","protected":false},"excerpt":{"rendered":"<p><span class=\"Apple-converted-space\">\u00a0<\/span><b>Die hochwertige Papiertragetaschen<span class=\"Apple-converted-space\">\u00a0<\/span><\/b><\/p>\n<p><b>PRODUKTMERKMALE<span class=\"Apple-converted-space\">\u00a0<\/span><\/b><\/p>\n<p>Tragetasche mit gedrehten Papierkordel-Griffen,<span class=\"Apple-converted-space\"><br \/>\n<\/span>Verst\u00e4rkungsblatt, f\u00fcr h\u00f6here Tragf\u00e4higkeit bis zu 15 KG.<span class=\"Apple-converted-space\">\u00a0<\/span><\/p>\n<p><strong>EINZELHANDEL \u00b7 LEBENSMITTELM\u00c4RKTE \u00b7 BUCHHANDLUNGEN \u00b7 APOTHEKEN \/ \u00c4RZTE \u00b7 GASTRONOMIE \u00b7 LIEFERDIENSTE \u00b7 FLORISTEN<span class=\"Apple-converted-space\">\u00a0<\/span><\/strong><\/p>\n<ul>\n<li><b>Individuelle Bedruckung mit Ihrem Logo m\u00f6glich <\/b><\/li>\n<li><b>Wir machen Ihnen gerne ein passendes Angebot.\u00a0<\/b><\/li>\n<\/ul>\n","protected":false},"featured_media":303,"template":"","meta":{"_et_pb_use_builder":"on","_et_pb_old_content":"<span class=\"Apple-converted-space\">\u00a0<\/span><b>Die hochwertige Papiertragetaschen<span class=\"Apple-converted-space\">\u00a0<\/span><\/b>\r\n\r\n<b>PRODUKTMERKMALE<span class=\"Apple-converted-space\">\u00a0<\/span><\/b>\r\n\r\nTragetasche mit gedrehten Papierkordel-Griffen,<span class=\"Apple-converted-space\">\r\n<\/span>Verst\u00e4rkungsblatt, f\u00fcr h\u00f6here Tragf\u00e4higkeit bis zu 15 KG.<span class=\"Apple-converted-space\">\u00a0<\/span>\r\n<ul>\r\n \t<li>Aus Kraftpapier vollfl\u00e4chig au\u00dfen bedruckt<span class=\"Apple-converted-space\">\u00a0<\/span><\/li>\r\n \t<li>Verst\u00e4rkungsblatt innen verklebt<span class=\"Apple-converted-space\">\u00a0<\/span><\/li>\r\n \t<li>Hohe Stabilit\u00e4t<span class=\"Apple-converted-space\">\u00a0<\/span><\/li>\r\n \t<li>Tragf\u00e4higkeit bis zu 15 KG<span class=\"Apple-converted-space\">\u00a0<\/span><\/li>\r\n \t<li>Universell einsetzbar<span class=\"Apple-converted-space\">\u00a0<\/span><\/li>\r\n \t<li>16 verschieden Farben<span class=\"Apple-converted-space\">\u00a0<\/span><\/li>\r\n \t<li>sofort ab Lager lieferbar<span class=\"Apple-converted-space\">\u00a0<\/span><\/li>\r\n<\/ul>","_et_gb_content_width":""},"product_brand":[],"product_cat":[48,65],"product_tag":[85,66],"class_list":{"0":"post-1231","1":"product","2":"type-product","3":"status-publish","4":"has-post-thumbnail","6":"product_cat-papiertragetaschen","7":"product_cat-papiertragetaschen-toptwist-mit-gedrehter-kordeln","8":"product_tag-farbige-taschen","9":"product_tag-papiertragetaschen","11":"first","12":"instock","13":"taxable","14":"shipping-taxable","15":"purchasable","16":"product-type-variable"},"jetpack_sharing_enabled":true,"_links":{"self":[{"href":"https:\/\/shop.packfix.de\/index.php?rest_route=\/wp\/v2\/product\/1231","targetHints":{"allow":["GET"]}}],"collection":[{"href":"https:\/\/shop.packfix.de\/index.php?rest_route=\/wp\/v2\/product"}],"about":[{"href":"https:\/\/shop.packfix.de\/index.php?rest_route=\/wp\/v2\/types\/product"}],"wp:featuredmedia":[{"embeddable":true,"href":"https:\/\/shop.packfix.de\/index.php?rest_route=\/wp\/v2\/media\/303"}],"wp:attachment":[{"href":"https:\/\/shop.packfix.de\/index.php?rest_route=%2Fwp%2Fv2%2Fmedia&parent=1231"}],"wp:term":[{"taxonomy":"product_brand","embeddable":true,"href":"https:\/\/shop.packfix.de\/index.php?rest_route=%2Fwp%2Fv2%2Fproduct_brand&post=1231"},{"taxonomy":"product_cat","embeddable":true,"href":"https:\/\/shop.packfix.de\/index.php?rest_route=%2Fwp%2Fv2%2Fproduct_cat&post=1231"},{"taxonomy":"product_tag","embeddable":true,"href":"https:\/\/shop.packfix.de\/index.php?rest_route=%2Fwp%2Fv2%2Fproduct_tag&post=1231"}],"curies":[{"name":"wp","href":"https:\/\/api.w.org\/{rel}","templated":true}]}}